{"id":456,"date":"2017-04-19T06:54:29","date_gmt":"2017-04-19T06:54:29","guid":{"rendered":"http:\/\/www.neckargemuend-aktuell.de\/?page_id=456"},"modified":"2021-10-18T14:05:41","modified_gmt":"2021-10-18T14:05:41","slug":"gewerbeverein-neckargemuend-e-v","status":"publish","type":"page","link":"https:\/\/www.neckargemuend-aktuell.de\/?page_id=456","title":{"rendered":"Gewerbeverein Neckargem\u00fcnd e.V."},"content":{"rendered":"<h3>Historie Gewerbeverein Neckargem\u00fcnd<\/h3>\n<p>Erstmals gr\u00fcndete sich in Neckargem\u00fcnd am 26. November 1887 ein Gewerbeverein. Initiatoren waren J. F. Menzer, Ph. Gerich und Chr. G\u00f6tz. Der Gewerbeverein befasste sich u.a. mit Aus- und Fortbildung, Gerichtsbarkeit, Gewerbehallen, Verkehr u.v.m. Als Mitglied des Verbandes Deutscher Gewerbetreibender pflegte man einen \u00fcberregionalen Informationsaustausch. Und noch vor der Jahrhundertwende erschien erstmals eine Vereinszeitung. Nach H\u00f6hen und Tiefen wurde 1934 der Gewerbeverein Neckargem\u00fcnd auf Anordnung des Landesverbandes aufgel\u00f6st. (Quelle: &#8222;1000 Jahre Neckargem\u00fcnd&#8220;, W\u00fcst)<\/p>\n<p>Der heute existierende Neckargem\u00fcnder Gewerbeverein gr\u00fcndete sich am 23. Juli 1985 und hat mehr als 80 Mitglieder.<\/p>\n<p>Der Neckargem\u00fcnder Gewerbeverein m\u00f6chte f\u00fcr seine Mitglieder:<\/p>\n<p>&#8211; die interne Kommunikation st\u00e4rken<br \/>\n&#8211; mit geb\u00fcndelten Werbema\u00dfnahmen intensiver werben und f\u00f6rdern<br \/>\n&#8211; gemeinsame Interessen wahrnehmen und gegen\u00fcber Dritten vertreten<br \/>\n&#8211; Fachvortr\u00e4ge anbieten<br \/>\n&#8211; Weiterbildungsma\u00dfnahmen diverser Tr\u00e4ger publik machen<\/p>\n<p>Dazu bedarf es einer Vielzahl von Mitgliedern mit dem Wunsch zu einem offenen Austausch. Ein weiteres wichtiges Ziel ist daher<\/p>\n<p>&#8211; die Gewinnung neuer Mitglieder<\/p>\n","protected":false},"excerpt":{"rendered":"<p>Historie Gewerbeverein Neckargem\u00fcnd Erstmals gr\u00fcndete sich in Neckargem\u00fcnd am 26. November 1887 ein Gewerbeverein. Initiatoren waren J. F. Menzer, Ph. Gerich und Chr. G\u00f6tz. Der Gewerbeverein befasste sich u.a. mit&#8230;<\/p>\n","protected":false},"author":1,"featured_media":0,"parent":0,"menu_order":0,"comment_status":"open","ping_status":"open","template":"page-unterseiten.php","meta":[],"categories":[],"tags":[118,112,119,116,115,113,114,117],"_links":{"self":[{"href":"https:\/\/www.neckargemuend-aktuell.de\/index.php?rest_route=\/wp\/v2\/pages\/456"}],"collection":[{"href":"https:\/\/www.neckargemuend-aktuell.de\/index.php?rest_route=\/wp\/v2\/pages"}],"about":[{"href":"https:\/\/www.neckargemuend-aktuell.de\/index.php?rest_route=\/wp\/v2\/types\/page"}],"author":[{"embeddable":true,"href":"https:\/\/www.neckargemuend-aktuell.de\/index.php?rest_route=\/wp\/v2\/users\/1"}],"replies":[{"embeddable":true,"href":"https:\/\/www.neckargemuend-aktuell.de\/index.php?rest_route=%2Fwp%2Fv2%2Fcomments&post=456"}],"version-history":[{"count":5,"href":"https:\/\/www.neckargemuend-aktuell.de\/index.php?rest_route=\/wp\/v2\/pages\/456\/revisions"}],"predecessor-version":[{"id":1150,"href":"https:\/\/www.neckargemuend-aktuell.de\/index.php?rest_route=\/wp\/v2\/pages\/456\/revisions\/1150"}],"wp:attachment":[{"href":"https:\/\/www.neckargemuend-aktuell.de\/index.php?rest_route=%2Fwp%2Fv2%2Fmedia&parent=456"}],"wp:term":[{"taxonomy":"category","embeddable":true,"href":"https:\/\/www.neckargemuend-aktuell.de\/index.php?rest_route=%2Fwp%2Fv2%2Fcategories&post=456"},{"taxonomy":"post_tag","embeddable":true,"href":"https:\/\/www.neckargemuend-aktuell.de\/index.php?rest_route=%2Fwp%2Fv2%2Ftags&post=456"}],"curies":[{"name":"wp","href":"https:\/\/api.w.org\/{rel}","templated":true}]}}